rue
Is 31 a factor of 2325?
True
Is 6550 a multiple of 25?
True
Is 60 a factor of 180?
True
Is 31 a factor of 25551?
False
Is 22 a factor of 2624?
False
Does 80 divide 1080?
False
Is 61184 a multiple of 64?
True
Is 46 a factor of 10442?
True
Is 8256 a multiple of 134?
False
Does 87 divide 19421?
False
Is 107 a factor of 14224?
False
Does 16 divide 9560?
False
Is 19 a factor of 5377?
True
Is 17 a factor of 7939?
True
Does 36 divide 1256?
False
Does 6 divide 276?
True
Does 8 divide 368?
True
Does 194 divide 70262?
False
Does 24 divide 33696?
True
Does 47 divide 750?
False
Does 15 divide 17438?
False
Is 59 a factor of 25714?
False
Is 2664 a multiple of 35?
False
Is 9 a factor of 8649?
True
Is 69 a factor of 7154?
False
Is 1460 a multiple of 19?
False
Is 68 a factor of 2856?
True
Is 1035 a multiple of 45?
True
Is 7 a factor of 302?
False
Is 1409 a multiple of 48?
False
Is 495 a multiple of 9?
True
Does 45 divide 15210?
True
Is 46 a factor of 1978?
True
Does 6 divide 528?
True
Is 103 a factor of 5150?
True
Is 20 a factor of 1800?
True
Is 70 a multiple of 10?
True
Is 8 a factor of 265?
False
Is 2 a factor of 70?
True
Is 15 a factor of 3765?
True
Is 20098 a multiple of 22?
False
Does 116 divide 58696?
True
Does 8 divide 66?
False
Is 1063 a multiple of 17?
False
Is 1612 a multiple of 52?
True
Is 8 a factor of 16616?
True
Is 28 a factor of 280?
True
Does 21 divide 819?
True
Is 3 a factor of 177?
True
Is 49 a factor of 84525?
True
Is 148 a multiple of 74?
True
Does 20 divide 820?
True
Does 12 divide 180?
True
Does 21 divide 14273?
False
Does 49 divide 735?
True
Is 460 a multiple of 5?
True
Is 11026 a multiple of 74?
True
Is 64 a factor of 4992?
True
Is 1209 a multiple of 8?
False
Does 18 divide 1498?
False
Is 9103 a multiple of 46?
False
Is 22373 a multiple of 16?
False
Is 3416 a multiple of 122?
True
Is 1064 a multiple of 76?
True
Does 14 divide 50753?
False
Does 168 divide 1789?
False
Is 93 a multiple of 31?
True
Is 26 a factor of 5408?
True
Is 23 a factor of 124731?
False
Does 18 divide 521?
False
Is 140 a factor of 1680?
True
Does 9 divide 60040?
False
Is 137 a multiple of 8?
False
Is 8 a factor of 584?
True
Does 21 divide 378?
True
Is 41 a factor of 3551?
False
Is 32 a factor of 3507?
False
Is 31 a factor of 21483?
True
Does 17 divide 578?
True
Does 10 divide 1789?
False
Is 342 even?
True
Does 4 divide 252?
True
Does 14 divide 5681?
False
Does 103 divide 2472?
True
Is 2479 a multiple of 37?
True
Does 7 divide 644?
True
Is 14560 a multiple of 40?
True
Is 9312 a multiple of 6?
True
Is 2646 a multiple of 54?
True
Is 19 a factor of 1349?
True
Does 10 divide 2230?
True
Does 45 divide 1530?
True
Is 12 a factor of 3135?
False
Is 226 a factor of 54014?
True
Is 22813 a multiple of 68?
False
Is 10 a factor of 184639?
False
Is 91 a factor of 3294?
False
Does 260 divide 18200?
True
Does 67 divide 2469?
False
Is 15 a factor of 159?
False
Is 493 a multiple of 41?
False
Is 32395 a multiple of 155?
True
Is 1386 a multiple of 77?
True
Is 210 a multiple of 22?
False
Is 100 a factor of 510?
False
Does 34 divide 104380?
True
Does 14 divide 14?
True
Is 19200 a multiple of 32?
True
Is 521 a multiple of 20?
False
Is 2 a factor of 2246?
True
Is 853 a multiple of 7?
False
Does 137 divide 73587?
False
Does 32 divide 4315?
False
Is 23 a factor of 435?
False
Is 1090 a multiple of 71?
False
Is 62 a factor of 4299?
False
Does 3 divide 472?
False
Does 9 divide 3635?
False
Is 118331 a multiple of 20?
False
Does 5 divide 85?
True
Is 19372 a multiple of 22?
False
Is 17 a factor of 708?
False
Is 3057 a multiple of 20?
False
Does 18 divide 6709?
False
Is 54 a factor of 54?
True
Is 55 a multiple of 5?
True
Is 23 a factor of 9410?
False
Does 9 divide 30?
False
Is 90 a factor of 53280?
True
Is 78 a factor of 1482?
True
Is 468 a multiple of 12?
True
Does 14 divide 924?
True
Is 2 a factor of 17720?
True
Is 108 a factor of 78119?
False
Does 37 divide 133274?
True
Is 4316 a multiple of 83?
True
Is 1222 a multiple of 26?
True
Does 35 divide 76965?
True
Is 437 a multiple of 32?
False
Does 44 divide 7524?
True
Does 55 divide 12424?
False
Does 141 divide 3948?
True
Is 8 a factor of 1312?
True
Does 51 divide 20043?
True
Does 7 divide 5213?
False
Is 32032 a multiple of 22?
True
Is 49 a factor of 3626?
True
Does 62 divide 738?
False
Does 20 divide 43340?
True
Is 21616 a multiple of 32?
False
Does 482 divide 41934?
True
Is 81 a factor of 850?
False
Is 6 a factor of 3214?
False
Is 15 a factor of 17475?
True
Is 7723 a multiple of 22?
False
Is 10 a factor of 4880?
True
Does 7 divide 2051?
True
Is 15 a factor of 20580?
True
Is 15 a factor of 4605?
True
Is 1334 a multiple of 22?
False
Is 16 a factor of 3616?
True
Is 1296 a multiple of 12?
True
Is 15 a factor of 7665?
True
Is 22 a factor of 726?
True
Is 38434 a multiple of 22?
True
Is 50 a factor of 15850?
True
Is 969 a multiple of 3?
True
Is 19 a factor of 130037?
False
Is 3253 even?
False
Is 14 a factor of 182?
True
Is 42 a factor of 42?
True
Is 34580 a multiple of 247?
True
Is 21 a factor of 4464?
False
Is 7437 a multiple of 26?
False
Is 2077 a multiple of 31?
True
Does 14 divide 9699?
False
Does 33 divide 4284?
False
Is 464 a multiple of 16?
True
Is 627 a multiple of 50?
False
Does 84 divide 8339?
False
Is 94 a multiple of 53?
False
Is 10 a factor of 490?
True
Is 1056 a multiple of 44?
True
Is 71098 a multiple of 38?
True
Is 4152 a multiple of 24?
True
Is 816 a multiple of 34?
True
Is 3022 a multiple of 19?
False
Is 53 a factor of 102728?
False
Does 17 divide 613?
False
Is 6850 a multiple of 81?
False
Is 101 a factor of 6881?
False
Is 2954 a multiple of 7?
True
Is 302 a multiple of 29?
False
Does 11 divide 138?
False
Is 204 a multiple of 3?
True
Is 4890 a multiple of 30?
True
Is 15 a factor of 50820?
True
Is 774 a multiple of 18?
True
Is 10 a factor of 691?
False
Is 45 a factor of 1440?
True
Does 18 divide 3564?
True
Is 51 a factor of 82161?
True
Does 69 divide 9950?
False
Does 18 divide 2824?
False
Is 4305 a multiple of 15?
True
Does 55 divide 6765?
True
Is 5 a factor of 35?
True
Is 18 a factor of 3165?
False
Does 15 divide 14250?
True
Is 36 a factor of 48622?
False
Does 47 divide 2209?
True
Is 15 a multiple of 6?
False
Does 9 divide 333?
True
Is 12493 a multiple of 60?
False
Is 36630 a multiple of 33?
True
Does 6 divide 4722?
True
Is 11164 a multiple of 5?
False
Is 2355 a multiple of 5?
True
Is 19 a factor of 513?
True
Is 171 a multiple of 24?
False
Is 17296 a multiple of 133?
False
Does 32 divide 1142?
False
Does 33 divide 9146?
False
Does 9 divide 5310?
True
Is 12360 a multiple of 20?
True
Is 13 a factor of 45838?
True
Is 20520 a multiple of 36?
True
Is 11 a factor of 18326?
True
Is 2374 a multiple of 181?
False
Is 15717 a multiple of 17?
False
Is 9125 a multiple of 125?
True
Is 928 a multiple of 58?
True
Does 6 divide 7182?
True
Is 11 a factor of 49720?
True
Is 5141 a multiple of 7?
False
Is 10 a factor of 309?
False
Is 14266 a multiple of 45?
False
Is 68 a factor of 17587?
False
Is 564 a multiple of 32?
False
Is 1118 a multiple of 43?
True
Does 37 divide 15281?
True
Is 17 a factor of 2795?
False
Is 88837 a multiple of 37?
True
Does 9 divide 2770?
False
Does 19 divide 3678?
False
Is 61 a factor of 753?
False
Is 45 a factor of 1350?
True
Is 1143 a multiple of 94?
False
Is 2 a factor of 220?
True
Does 26 divide 14805?
False
Is 39035 a multiple of 60?
False
Is 325 a multiple of 36?
False
Is 4 a factor of 632?
True
Is 7254 a multiple of 18?
True
Is 5 a factor of 134?
False
Does 5 divide 1923?
False
Is 216 even?
True
Is 40805 a multiple of 82?
False
Does 29 divide 1682?
True
Is 8307 a multiple of 9?
True
Is 780 a multiple of 13?
True
Is 106 a factor of 9028?
False
Is 6720 a multiple of 16?
True
Is 13 a factor of 6942?
True
Is 9 a factor of 75?
False
Does 85 divide 51700?
False
Is 5831 a multiple of 12?
False
Does 46 divide 953?
False
Is 16 a factor of 2480?
True
Does 9 divide 41085?
True
Is 3556 a multiple of 28?
True
Is 497 a multiple of 66?
False
Is 847 a multiple of 14?
False
Is 61560 a multiple of 405?
True
Is 15 a factor of 1065?
True
Is 952 a multiple of 68?
True
Is 925 a multiple of 37?
True
Does 32 divide 9432?
False
Is 2324 a multiple of 14?
True
Is 18263 a multiple of 18?
False
Is 476 a multiple of 34?
True
Is 20 a factor of 465?
False